
3
Let v be (-2 - 3)/(2/10). What is the units digit of v/(-3) + 1/(-3)?
8
Let f = -97 - -183. What is the units digit of f?
6
Suppose 3*a = -2*a + 5*w + 570, 0 = -a + 3*w + 110. What is the hundreds digit of a?
1
Let z = -32 - -37. What is the units digit of z?
5
Suppose 5*g = 10, -4*g - 12 = -3*m + 28. What is the tens digit of m?
1
Suppose 0 = z - 4*z. Suppose -5*j + z*j = -50. What is the tens digit of j?
1
Let i = -1 - 1. What is the tens digit of -2 - (-20)/((-2)/i)?
1
Let f be 1*(-27 - (2 + 1)). Let q = f - -45. What is the tens digit of q?
1
Let m(h) be the first derivative of -2*h**3 + 2*h - 1/4*h**4 + 7/2*h**2 - 1. What is the units digit of m(-7)?
2
Let w(y) = 6*y**3 + y**2 - 1. Suppose 0 = -5*p + 2*p + 3. What is the units digit of w(p)?
6
Let f be ((-3)/(-1))/((-9)/(-330)). Suppose 0*t = 3*t + 2*y - f, -31 = -t + 5*y. Suppose 0 = k - 4*k + t. What is the units digit of k?
2
Let t(r) = -4*r - 5. What is the tens digit of t(-4)?
1
Suppose -5*b + 31 = -269. Suppose s - 5*s + b = 0. What is the units digit of s?
5
Suppose -2*l + 7 = 2*i - 1, 2*l = 0. Let u(z) be the second derivative of -z**4/12 + 5*z**3/6 - z**2/2 + 2*z. What is the units digit of u(i)?
3
Suppose -6*j + 36 = -3*j + 2*q, 2*q - 6 = 0. Suppose -t + 3*i = j, -2*t - t + 35 = 4*i. What is the units digit of t?
5
Let q(p) = -p + 5. Let z be 6/33 + 136/(-22). What is the units digit of q(z)?
1
Let t(f) = -f**2 + 26*f - 67. What is the tens digit of t(22)?
2
Let a = -11 + 8. Let u be 15 - (-2 - 4)/a. Let n = 21 - u. What is the units digit of n?
8
Let a = 190 + -135. What is the tens digit of a?
5
Let c(x) be the second derivative of x**5/120 + x**4/12 + x**3/3 - x. Let n(f) be the second derivative of c(f). What is the units digit of n(2)?
4
Let r be (-116)/4 - (0 + 1). Let f = 42 + r. What is the tens digit of f?
1
Suppose -3*c = 2*t - 18, -6*c - 3*t = -3*c - 21. Suppose -c*d + d - 2*v = 19, -3*v = -2*d - 30. Let b = 18 + d. What is the units digit of b?
9
Suppose -u + 1 + 4 = 0. Suppose -6*v + v + u = 0. Let y(c) = c**2 + 1. What is the units digit of y(v)?
2
Suppose -2*m + 79 + 27 = -3*l, 92 = -3*l - 5*m. Let j = -20 - l. What is the tens digit of j?
1
What is the units digit of (-1 + (-5)/2)/(3/(-30))?
5
Suppose 5*v + 2*g - 435 = 0, -2*v + 0*v + 185 = 3*g. What is the units digit of v?
5
Let f be 17*4 + (-1)/(-1). Suppose 0 = -5*s + w + f, 2*w = 2*s - 0*w - 34. What is the units digit of s?
3
Let k(b) = -3*b - 4 + 6 + 7*b**2 - 2*b**2 - b**3. Suppose -5*w + 10*w = 3*x + 29, -4*w - 2*x = -10. What is the units digit of k(w)?
6
Suppose 366 - 134 = 4*t. What is the tens digit of t?
5
Let f(c) = 3*c + 6. What is the tens digit of f(6)?
2
Let y(g) be the third derivative of -g**6/120 + g**5/15 - g**4/24 + g**3 - g**2. Let q be y(5). What is the units digit of (-90)/q + (-3)/4?
3
Let s be 7/(7/6) - 3. Suppose s*i + i = 12. What is the units digit of i?
3
What is the units digit of (-1 + (-1 - -3))*1?
1
Suppose -4*o - f + 2*f = -146, 115 = 3*o + 2*f. What is the tens digit of o?
3
Let g(j) = j**3 - j**2 - 5*j + 3. What is the tens digit of g(4)?
3
Let r(k) = k**2 + 11*k + 10. Let j be r(-10). Let h be ((j - 2)*1)/(-2). Let s = h - 0. What is the units digit of s?
1
Let c(u) = u**2 + 12*u - 4. Let t be c(-13). What is the tens digit of (-230)/(-15)*t/6?
2
Let m be (-13)/(-5) - (-2)/5. Suppose 6 = -4*l + m*l. Let v = -4 - l. What is the units digit of v?
2
Let j = -24 + 24. Suppose 5 = a + 2*t - 4, j = 2*a + t - 30. What is the tens digit of a?
1
Suppose r - 4*o = 8, -r = 4*r - 4*o - 8. Suppose -5*t + 6 + 24 = r. What is the units digit of t?
6
Let n = 0 + 10. Let h = 1 + n. Suppose 2*p - 15 = h. What is the units digit of p?
3
Let s(f) = -f**2 - f + 3. Let t be s(0). Suppose 0 = 2*j - 4*n - 36, -3*n - 57 = -t*j - 0*j. What is the tens digit of j?
2
Suppose -3*w = 5 - 86. Suppose -3*z + w - 3 = -2*j, 5*z - 39 = 3*j. Let v = -1 + z. What is the units digit of v?
5
Let k = -10 - -13. Suppose k*b - 5*b = -84. What is the tens digit of b?
4
Let g(u) = u**3 + u - 2. Let o be g(0). Suppose 0 = a + 3*a. What is the units digit of (-1)/(a + o/14)?
7
Let r = 20 - 14. What is the units digit of (-3)/r*(-11 - -3)?
4
Let r(u) = u**3 - 12*u**2 + 7*u + 1. Let i(m) = m**3 - 13*m**2 + 8*m + 2. Let p(k) = -5*i(k) + 6*r(k). What is the units digit of p(7)?
0
Let l(n) = -n - 4. Let d be l(-4). Suppose 3*x - 24 = -d*x. What is the units digit of x?
8
Suppose 2*b + 2*b - 5*l - 29 = 0, 4*l = 2*b - 22. Suppose b = -2*j + 31. Let z = -5 + j. What is the tens digit of z?
1
Let q = 48 + -32. What is the units digit of q?
6
What is the units digit of (3*-2)/((-7)/1288*6)?
4
Let b(l) = 25*l**2 - 2*l + 1. Let d be b(1). Suppose 5*i - 41 = d. What is the tens digit of i?
1
Let j be (2/(-3))/(1/(-261)). What is the tens digit of j/9 - (-4)/6?
2
Suppose -3 + 12 = 3*q. Suppose q*p + p = d - 28, d = 3*p + 24. What is the tens digit of d?
1
Suppose 9*d - 4 = 7*d. Let f(n) = 2*n**2 + 4*n - 3. What is the units digit of f(d)?
3
Suppose 2*y = 11 + 11. What is the tens digit of y?
1
Let z be (9/6)/((-12)/(-16)). Suppose -h - h + 9 = k, -5*k + 33 = -z*h. What is the units digit of k?
7
Suppose 3*s - 231 = 3*m, -74 = -5*s - 3*m + 287. What is the tens digit of s?
7
Let a(d) = d**3 - d**2 - d + 2. Let o be a(0). Suppose 5*v = 3*v + o. What is the units digit of v?
1
Suppose -2*b - 7 = -15. Let d = 0 + b. What is the units digit of d?
4
Let c = -49 + 25. What is the tens digit of 5 - (-4)/(-1) - c?
2
Let i(b) = b**3 + b**2 + b + 14. What is the units digit of i(0)?
4
Let t = -2 - -5. Suppose 2*l - 35 = -t*l. What is the units digit of l?
7
Let u(t) = -19*t. What is the units digit of u(-2)?
8
Let l = 14 + -25. Let i = 5 + l. Let u = i - -9. What is the units digit of u?
3
Suppose 5*p - 45 = -h, 4*p + 2*h = 6*p - 30. Suppose a + p = 6*a. Suppose 7 - 3 = a*k. What is the units digit of k?
2
Let i be (1/(-2))/(1/2). Let u = -3 + i. Let m = u + 6. What is the units digit of m?
2
Let i(m) = -2*m - 7. Let z be i(-5). Suppose -l = z*l. What is the units digit of (l - -1)*3 + -1?
2
Let r(n) = -2*n - 27. Let a be r(-16). Suppose 7 = 3*k + m, -2*k + m + 0 = 2. What is the units digit of -4*a*k/(-2)?
0
Let f be (-13)/(-3) - (-4)/(-12). Suppose 70 = f*l + 2*m, m = -m + 6. Suppose -5*g + g = -l. What is the units digit of g?
4
Let z(g) = g**2 - 3 + 3 - 3*g + 3. Let r be z(2). What is the units digit of -2 - r/((-1)/12)?
0
Suppose 7*k - 42 = 49. What is the tens digit of k?
1
Suppose -u - 4*u = -130. What is the units digit of u?
6
Let c = -4 + 2. Let z be 12 + 6/3 + c. Let o = 0 + z. What is the units digit of o?
2
Suppose -204 = -5*j + 331. Let n = j + -72. Suppose -n = 4*o - 9*o. What is the units digit of o?
7
Suppose 4*j = -j + 20. What is the units digit of j?
4
What is the units digit of (-5)/2*(-6)/3?
5
Suppose -5*y + 79 = -21. What is the units digit of y?
0
Suppose -u = -5*g - 34, g + 44 - 188 = -5*u. Let m = 52 - u. What is the units digit of m?
3
Suppose 2*t - 2 = 5*q, -4*q - 1 = -2*t + 3. Suppose -2*v - 200 = -t*v. Suppose 0*c = 5*x - c - v, 3*x + 2*c = 43. What is the tens digit of x?
1
What is the units digit of -4 + (-1)/(3/(-135))?
1
Suppose 2*p + p - 3 = 0, -4*p = 2*m - 104. Let g = m - 35. What is the tens digit of g?
1
Suppose 4 = -0*k + 2*k. Suppose 5*s - 33 = k. What is the units digit of s?
7
Let c = -28 + 40. What is the units digit of c?
2
Suppose -h - 4 = 0, h = -q + 5*q - 24. Let p(o) = o**3 - 5*o**2 + o - 7. Let g be p(q). Let j = g + 11. What is the units digit of j?
9
Let n be (-189)/(-15) - (-10)/25. Let r = -6 + n. What is the units digit of r?
7
Let u(c) = -c**2 - 4*c + 6. Let k(p) = 3*p**2 + 9*p - 13. Let h(y) = 2*k(y) + 5*u(y). What is the tens digit of h(5)?
1
Suppose -r = 3*r - 104. What is the units digit of r?
6
Suppose p = -4*p - 10. What is the tens digit of p/5 - 254/(-10)?
2
Suppose 0 = u - r + 11, -3*r + 2*r = -3*u - 23. Let s(j) = j**2 + 6*j + 1. What is the units digit of s(u)?
1
What is the units digit of (-3 - 45/(-2))*2?
9
Let m(h) = h**3 + 5*h - 6 + 4 - 4*h**2 - 2*h**3. Let j be m(-5). What is the units digit of (j/3)/(4/(-6))?
1
Let v be (10/4)/(2/4). Suppose 36 + 24 = v*y. What is the tens digit of y?
1
Let b(x) be the first derivative of -x**2 - 1. Suppose 2*f + 2*f + 12 = 0. Wha